ighest common factor of t and 9?
3
Suppose 4*w - 5*h + 3 - 7 = 0, 4 = 4*w + 4*h. Let q = w + 24. Suppose 5*f = -q, 17 = 2*s - 4*f - 45. Calculate the greatest common divisor of 14 and s.
7
Let x(d) = d**2 - 21*d + 101. Let n be x(5). Calculate the greatest common divisor of n and 3.
3
Let r be (-8)/(((-6)/(-15))/((-1)/5)). Suppose 2*c - 44 = -3*w + 6*c, 70 = 5*w - 5*c. Calculate the greatest common divisor of r and w.
4
Let a = 20 + -20. Suppose 0 = -4*x + 2*d + 584, a = -5*x - 4*d - d + 715. What is the highest common divisor of x and 58?
29
Let l(g) = g**3 - 4*g**2 + 5*g. Let k be (-1)/(1/(-3)) - -1. Let o be l(k). Suppose o = 5*h - 0*h. What is the greatest common divisor of h and 8?
4
Let p(j) = -j**3 - 10*j**2 - 2*j + 7. Let t be p(-10). Let l = t + -19. Calculate the highest common divisor of 12 and l.
4
Let d be -7 - (-2 + 2 + -63). Calculate the highest common factor of 112 and d.
56
Suppose -2*x = -3*x + 4*c + 668, 3*c = -5*x + 3409. Calculate the greatest common factor of 40 and x.
40
Suppose 0 = -3*x - 4*g + 119, 2*x - g - 14 = 47. Suppose -5*d = -x - 17. Calculate the highest common factor of d and 2.
2
Let m = 0 - 48. Let c = m - -111. Calculate the highest common divisor of 21 and c.
21
Suppose 616 + 616 = 11*r. Calculate the highest common divisor of r and 154.
14
Let v be (-918)/85*(-4 + -1). Suppose -12*t + v = -3*t. Let m be 54 - (-1 - -2) - -1. What is the greatest common divisor of t and m?
6
Suppose 3*k - 2*z - 8 = 0, 4 = 4*k - 0*z - z. Suppose -15*h + 16*h - 55 = k. What is the greatest common factor of h and 5?
5
Let i(v) = -30*v - 1. Let q be i(-1). Let f be -1 + 2 + 3*q. Let a = -229 - -251. Calculate the highest common factor of f and a.
22
Let d be (-4 - 24/(-16))/((-20)/24). Calculate the greatest common factor of 9 and d.
3
Suppose 2*v - 10*h + 15*h = 1601, -4 = -4*h. Calculate the greatest common factor of 76 and v.
38
Suppose -3*q + 135 = 2*q. Let w be q*((-5)/(-3) - -1). Let z = 1 + 7. What is the greatest common factor of w and z?
8
Suppose -56 = 3*m - m. Let n be (m/(-63))/((-4)/(-18)). Suppose 3*k - n = w, k = -3*k + 12. Calculate the highest common divisor of w and 56.
7
Let x(q) = 0*q + 6*q - 33*q - 4. Let l be x(-2). What is the highest common factor of 10 and l?
10
Suppose -14*i - 1413 = -15693. Calculate the highest common factor of i and 24.
12
Let u(o) = 2*o**2 + 29*o - 8. Let h be u(-16). Calculate the greatest common divisor of h and 216.
8
Suppose 2*h + 38 = 46, -5*h = p - 290. What is the greatest common factor of p and 720?
90
Suppose a - 19 = 14. Let q = a - 18. Calculate the greatest common factor of 15 and q.
15
Let f be 1/8 - (-309)/24. Let s be f/13 + -1*(-85 - -2). What is the highest common divisor of s and 12?
12
Suppose 8*q = 13*q. Suppose 5*c + 2*u - 9 = q, -u + 2*u = 5*c - 3. Suppose 5*p + 3 = 5*o - 37, -8 = -5*o - 3*p. What is the greatest common divisor of c and o?
1
Suppose -3*v = -0*v + 144. Let g be (v/30)/((-2)/5). Let z(h) = h + 4. Let p be z(g). Calculate the greatest common divisor of 1 and p.
1
Suppose -2*j + 0*j + 20 = 0. Let i(h) = h + 10*h + 7*h - 2*h + 6. Let w be i(4). What is the highest common divisor of j and w?
10
Suppose -6*b = -2*b + 4. Let g = 9 - b. Calculate the greatest common factor of 5 and g.
5
Let v(f) = -28*f + 11. Let w(a) = 14*a - 6. Let z(c) = -3*v(c) - 5*w(c). Let d be z(2). Calculate the greatest common divisor of 75 and d.
25
Let d = -573 + 643. Calculate the greatest common divisor of d and 80.
10
Let f be (3/(-18))/(4/30)*-256. Calculate the greatest common factor of 192 and f.
64
Let n = -650 - -677. Calculate the greatest common factor of n and 594.
27
Let d = 54 - 51. Suppose 4*z + 0*z = 5*n + 445, d*n = -15. Calculate the greatest common factor of 15 and z.
15
Let s be ((-12)/8 + 3)/((-7)/(-1218)). What is the greatest common divisor of s and 54?
9
Suppose u = 6*u, -4*u = -4*y + 144. Let l = 9 + -4. Suppose -p - 26 = -3*p + l*k, 4*p = 2*k + y. Calculate the greatest common divisor of p and 40.
8
Let f be (-10 + 10)*1/2. Suppose f = -5*m, m + m - 135 = -3*t. Let l be 33 + (-1)/((-3)/(-9)). Calculate the greatest common divisor of t and l.
15
Let o(g) = -g**2 - 8*g + 9. Let z be o(-12). Let v = -33 - z. Calculate the highest common divisor of v and 54.
6
Suppose 3*u + u + 58 = j, 0 = 3*u. Let d be (-12)/(-8) - j/(-4). Calculate the highest common factor of 112 and d.
16
Let f be -28 + 22 - 22*-5. What is the highest common divisor of 130 and f?
26
Let u = -1025 + 1172. What is the greatest common divisor of u and 483?
21
Suppose -3*w + 3*m = -88 + 49, -4*w - 2*m + 64 = 0. What is the greatest common factor of w and 57?
3
Let g = 10136 + -10121. Let b be (-4)/(-10) + 24/(-10). Let a be 211/2 + 1/b. Calculate the highest common factor of g and a.
15
Let j(b) = 11*b - 422. Let w be j(42). Calculate the highest common divisor of w and 140.
20
Let d(j) = -2*j**2 - 7*j + 8. Let f be d(-6). Let a = 28 + f. Suppose 0 = 8*l - a*l - 44. Calculate the greatest common divisor of l and 22.
22
Let s(k) = 12*k - 101. Let g be s(10). What is the highest common divisor of g and 133?
19
Let s = -3362 - -3483. Let a be (2 + -1)/(2/22). Calculate the greatest common divisor of s and a.
11
Suppose -2*i = -y + i + 47, 5*i = 4*y - 195. Suppose -2*a + 4*m + 14 = 0, -3*m = 4*a - 7*m - 28. Let l = 17 - a. What is the highest common factor of l and y?
10
Suppose -50 = -h - n, -10*h + 108 = -8*h - 2*n. Let m be (-1)/2 - 3332/(-8). Calculate the greatest common divisor of m and h.
52
Suppose -3*m - 141 = -3*p, 4 = 2*p - m - 95. Let k be 1 - (-2 - -3 - p). Let f = k - 34. What is the highest common divisor of 45 and f?
9
Let h(q) = 54*q + 90. Let m be h(15). What is the greatest common divisor of m and 36?
36
Suppose 0*q - 5*q + 300 = 0. Suppose -3*j + 3*d + 72 = 0, -5*d = -2*j - 0*d + q. Calculate the greatest common factor of 8 and j.
4
Suppose 4*a - 3*f = -6*f + 8637, -3*f - 8643 = -4*a. Calculate the greatest common factor of a and 40.
40
Suppose 2*l + 46 = f, 4*f - 4*l + 9*l = 236. Suppose 38*w = 10*w + 8830 + 3266. What is the highest common divisor of f and w?
54
Suppose -114 = -2*r + 102. Let h = r - -72. Let b = h - 72. What is the greatest common divisor of 12 and b?
12
Let g = 231 - 221. Suppose -190 = -2*d - 3*d. Let f = d + -8. Calculate the highest common divisor of g and f.
10
Let h(i) = 2*i**3 + 2*i**2 + i. Let f be h(2). Let o be ((-144)/(-288))/(-1 - (-938)/936). What is the greatest common factor of o and f?
26
Let r be 335/10 + (-1)/(-2). Suppose -32 = -3*u + r. What is the highest common factor of u and 198?
22
Suppose -3*o - 172 = -6*o - 5*h, 4*h + 262 = 5*o. What is the greatest common divisor of o and 90?
18
Suppose 0 = 4*b - f - 22, -2 = b - 9*f + 5*f. Calculate the greatest common factor of 27 and b.
3
Suppose 0 = -g - 5, 2*g - 3*g = 3*k + 14. Let o be ((-200)/15 - -4)*k. What is the greatest common divisor of o and 70?
14
Let n be (-252)/(-36) + (-3 - 0). Calculate the greatest common divisor of 1 and n.
1
Suppose 6*p - 586 - 2714 = 0. Calculate the highest common divisor of p and 22.
22
Suppose 352 = -18*s + 20*s. Suppose -29 = v + u, 4*v - 3*u + 119 = -6*u. Let t be (v/6)/((-5)/15). What is the highest common factor of s and t?
16
Suppose 1832 = 23*y + 84. What is the greatest common divisor of y and 19?
19
Let z(o) = 2*o**2 + 6*o + 4. Let f = 9 + 0. Let t be z(f). What is the greatest common factor of 88 and t?
44
Let v be 0 - 2 - (-4)/((-8)/(-4)). Suppose -4*q - 4*q + 48 = v. Calculate the highest common divisor of 9 and q.
3
Let d = -81 + 89. Suppose -3*x = 6*q - q - 125, q + 4*x - d = 0. What is the greatest common divisor of q and 98?
14
Let l = -36 + 41. Suppose -l*y + 76 = 3*t, 5*t - 168 = 4*y - 2*y. Calculate the greatest common factor of 8 and t.
8
Suppose -356 - 920 = -11*a. What is the highest common factor of a and 377?
29
Let j = -506 + 674. What is the greatest common divisor of 72 and j?
24
Suppose -13*u - 500 = -17*u. Calculate the highest common divisor of u and 50.
25
Suppose 0 = -2*u + 4*v + 74, 4*v + 34 = 2*u + 8*v. Calculate the greatest common factor of 2 and u.
1
Let f = -124 + 270. Calculate the greatest common divisor of 4 and f.
2
Suppose 29*c = 26*c + 54. What is the greatest common factor of c and 306?
18
Let p(k) =